88.
86
Calculate the remainder when 16823 is divided by 5600.
23
What is the remainder when 47799 is divided by 62?
59
Calculate the remainder when 3689 is divided by 1213.
50
Calculate the remainder when 291863 is divided by 27.
20
What is the remainder when 144994 is divided by 29?
23
Calculate the remainder when 13844 is divided by 32.
20
Calculate the remainder when 29640 is divided by 81.
75
Calculate the remainder when 2450 is divided by 610.
10
Calculate the remainder when 457572 is divided by 19.
14
Calculate the remainder when 2383 is divided by 218.
203
What is the remainder when 26900 is divided by 8935?
95
Calculate the remainder when 390765 is divided by 97691.
1
Calculate the remainder when 359847 is divided by 2415.
12
What is the remainder when 1260 is divided by 3?
0
What is the remainder when 13474 is divided by 29?
18
What is the remainder when 46045 is divided by 235?
220
What is the remainder when 113915 is divided by 69?
65
What is the remainder when 15488 is divided by 2980?
588
Calculate the remainder when 7337 is divided by 296.
233
Calculate the remainder when 973726 is divided by 16.
14
What is the remainder when 15496 is divided by 221?
26
Calculate the remainder when 915726 is divided by 48.
30
What is the remainder when 146543 is divided by 36633?
11
Calculate the remainder when 185404 is divided by 536.
484
Calculate the remainder when 287 is divided by 233.
54
Calculate the remainder when 137390 is divided by 193.
167
What is the remainder when 684 is divided by 347?
337
Calculate the remainder when 51446 is divided by 698.
492
Calculate the remainder when 5254 is divided by 154.
18
Calculate the remainder when 17120 is divided by 570.
20
Calculate the remainder when 3950 is divided by 235.
190
What is the remainder when 178038 is divided by 40?
38
Calculate the remainder when 5106 is divided by 517.
453
What is the remainder when 2419 is divided by 1189?
41
Calculate the remainder when 100647 is divided by 23.
22
What is the remainder when 90176 is divided by 134?
128
Calculate the remainder when 3503 is divided by 70.
3
What is the remainder when 38266 is divided by 174?
160
Calculate the remainder when 14391 is divided by 2773.
526
What is the remainder when 665498 is divided by 22?
20
What is the remainder when 218571 is divided by 506?
485
What is the remainder when 19648 is divided by 6?
4
What is the remainder when 112064 is divided by 16009?
1
Calculate the remainder when 32025 is divided by 5334.
21
What is the remainder when 250 is divided by 200?
50
What is the remainder when 346744 is divided by 92?
88
What is the remainder when 51946 is divided by 78?
76
Calculate the remainder when 6765 is divided by 1122.
33
What is the remainder when 3422 is divided by 850?
22
What is the remainder when 672124 is divided by 341?
13
Calculate the remainder when 442460 is divided by 115.
55
What is the remainder when 89878 is divided by 4085?
8
Calculate the remainder when 13995 is divided by 6979.
37
What is the remainder when 7293 is divided by 809?
12
What is the remainder when 91837 is divided by 883?
5
What is the remainder when 4527 is divided by 254?
209
Calculate the remainder when 27732 is divided by 223.
80
What is the remainder when 345 is divided by 175?
170
What is the remainder when 23797 is divided by 20?
17
What is the remainder when 354 is divided by 268?
86
Calculate the remainder when 517 is divided by 156.
49
Calculate the remainder when 8568 is divided by 106.
88
Calculate the remainder when 743947 is divided by 50.
47
What is the remainder when 76618 is divided by 60?
58
Calculate the remainder when 119664 is divided by 43.
38
Calculate the remainder when 106662 is divided by 18.
12
What is the remainder when 16775 is divided by 524?
7
Calculate the remainder when 28737 is divided by 777.
765
What is the remainder when 10192 is divided by 393?
367
What is the remainder when 243378 is divided by 21?
9
What is the remainder when 156623 is divided by 78305?
13
What is the remainder when 23043 is divided by 957?
75
What is the remainder when 131307 is divided by 6?
3
What is the remainder when 37278 is divided by 289?
286
Calculate the remainder when 1443021 is divided by 21.
6
What is the remainder when 4653 is divided by 90?
63
What is the remainder when 19239 is divided by 410?
379
Calculate the remainder when 3229 is divided by 639.
34
What is the remainder when 3985 is divided by 495?
25
What is the remainder when 1440 is divided by 51?
12
Calculate the remainder when 22235 is divided by 16.
11
What is the remainder when 2718 is divided by 692?
642
Calculate the remainder when 1187905 is divided by 1773.
1768
Calculate the remainder when 14567 is divided by 450.
167
What is the remainder when 15418 is divided by 102?
16
Calculate the remainder when 7985 is divided by 2387.
824
What is the remainder when 1190 is divided by 599?
591
What is the remainder when 15469 is divided by 18?
7
Calculate the remainder when 33793 is divided by 71.
68
What is the remainder when 860 is divided by 346?
168
What is the remainder when 264624 is divided by 33?
30
What is the remainder when 65 is divided by 33?
32
What is the remainder when 12165 is divided by 1482?
309
What is the remainder when 275021 is divided by 926?
925
Calculate the remainder when 77669 is divided by 73.
70
What is the remainder when 49568 is divided by 4?
0
What is the remainder when 6041 is divided by 14?
7
Calculate the remainder when 58585 is divided by 378.
373
Calculate the remainder when 59885 is divided by 3516.
113
Calculate the remainder when 9064 is divided by 604.
4
What is the remainder when 295473 is divided by 223?
221
What is the remainder when 66880 is divided by 13368?
40
What is the remainder when 2931 is divided by 58?
31
Calculate the remainder when 1880 is divided by 892.
96
What is the remainder when 16490 is divided by 162?
128
Calculate the remainder when 190872 is divided by 60.
12
Calculate the remainder when 7913110 is divided by 318.
316
Calculate the remainder when 55364 is divided by 47.
45
Calculate the remainder when 48965 is divided by 521.
512
Calculate the remainder when 58819 is divided by 2023.
152
What is the remainder when 53873 is divided by 656?
81
What is the remainder when 16817 is divided by 100?
17
Calculate the remainder when 531 is divided by 32.
19
What is the remainder when 37703 is divided by 311?
72
What is the remainder when 66281 is divided by 690?
41
What is the remainder when 72208 is divided by 26?
6
What is the remainder when 25358 is divided by 8450?
8
What is the remainder when 670308 is divided by 71?
68
What is the remainder when 1179281 is divided by 49?
47
Calculate the remainder when 6554 is divided by 467.
16
Calculate the remainder when 7292 is divided by 106.
84
What is the remainder when 2215833 is divided by 28?
25
What is the remainder when 55933 is divided by 18642?
7
What is the remainder when 15969 is divided by 5266?
171
Calculate the remainder when 5208 is divided by 579.
576
What is the remainder when 27799 is divided by 2521?
68
Calculate the remainder when 7039 is divided by 55.
54
Calculate the remainder when 561870 is divided by 31214.
18
What is the remainder when 9390 is divided by 948?
858
What is the remainder when 7526 is divided by 53?
0
What is the remainder when 25597 is divided by 69?
67
What is the remainder when 6333 is divided by 37?
6
What is the remainder when 70385 is divided by 61?
52
Calculate the remainder when 34966 is divided by 73.
72
What is the remainder when 1739 is divided by 846?
47
Calculate the remainder when 524472 is divided by 405.
402
Calculate the remainder when 17159 is divided by 1542.
197
What is the remainder when 849 is divided by 37?
35
What is the remainder when 1259 is divided by 52?
11
What is the remainder when 12280 is divided by 149?
62
Calculate the remainder when 20538 is divided by 192.
186
What is the remainder when 9061 is divided by 2098?
669
What is the remainder when 227 is divided by 130?
97
What is the remainder when 1289026 is divided by 52?
50
What is the remainder when 1940 is divided by 645?
5
What is the remainder when 5669 is divided by 2791?
87
What is the remainder when 11357 is divided by 87